1210220 (base 3) to base 6.
-255210
Convert -442 (base 13) to base 12.
-50a
What is 3 (base 5) in base 8?
3
Convert 10112011 (base 3) to base 11.
1a26
Convert -53614 (base 7) to base 9.
-20261
Convert -100101001000110 (base 2) to base 7.
-106302
-3432432 (base 5) to base 4
-33002301
What is -1110053 (base 6) in base 3?
-2211111020
451 (base 7) to base 5
1412
Convert -3103 (base 7) to base 4.
-100321
-1345254 (base 6) to base 7
-435415
Convert -3334 (base 9) to base 8.
-4635
Convert 1284 (base 10) to base 13.
77a
What is -2a80 (base 16) in base 15?
-3355
100011110111 (base 2) to base 3
10011000
Convert 11011110001101 (base 2) to base 3.
201111201
What is -430 (base 12) in base 11?
-507
Convert -47 (base 15) to base 3.
-2111
Convert 169 (base 10) to base 14.
c1
12231 (base 4) to base 7
1152
What is -5162 (base 15) in base 12?
-9b48
Convert 3308 (base 12) to base 14.
209a
bd3 (base 16) to base 10
3027
Convert 1232 (base 8) to base 6.
3030
Convert -2013 (base 7) to base 8.
-1270
What is -122d1 (base 16) in base 4?
-102023101
What is -226 (base 12) in base 8?
-476
Convert -2715 (base 8) to base 5.
-21420
What is 153435 (base 7) in base 12?
15493
What is -1002031 (base 4) in base 14?
-1789
Convert 1243 (base 9) to base 10.
930
Convert 1216 (base 8) to base 6.
3010
Convert 1010001110000 (base 2) to base 4.
1101300
Convert -4674 (base 14) to base 11.
-9230
Convert 1123023 (base 5) to base 16.
4fa4
1d6 (base 14) to base 11
31a
What is 1010111111 (base 2) in base 3?
222001
Convert -320 (base 7) to base 6.
-425
Convert 1c40 (base 16) to base 12.
4228
Convert -51669 (base 10) to base 14.
-14b89
Convert 1001223 (base 4) to base 5.
113303
What is -40122 (base 6) in base 11?
-3a29
-1eb (base 15) to base 7
-1205
20 (base 10) to base 3
202
-3606 (base 8) to base 16
-786
144 (base 14) to base 16
100
What is 12677 (base 12) in base 4?
12020323
Convert 10291 (base 11) to base 6.
153211
-665 (base 11) to base 4
-30131
-10c (base 15) to base 2
-11101101
What is -4ba9 (base 14) in base 12?
-7829
What is -721 (base 12) in base 8?
-2011
What is 28614 (base 9) in base 4?
10233331
What is 101500 (base 6) in base 4?
1333230
Convert 15122 (base 11) to base 12.
104a9
What is 44773 (base 10) in base 5?
2413043
-10010010011 (base 2) to base 7
-3262
Convert -1011121020 (base 3) to base 12.
-113b9
6a7 (base 11) to base 13
4cb
What is -61 (base 7) in base 12?
-37
1b9 (base 14) to base 3
111022
What is -120211211 (base 3) in base 16?
-2d1f
10192 (base 10) to base 16
27d0
11010000001011 (base 2) to base 7
53562
393 (base 13) to base 16
273
Convert -ab3 (base 12) to base 14.
-807
1660 (base 8) to base 12
668
Convert -412 (base 7) to base 15.
-da
Convert -a64 (base 15) to base 5.
-33334
103041 (base 5) to base 10
3521
What is -73731 (base 8) in base 9?
-46070
7172 (base 8) to base 14
14ca
-222 (base 10) to base 8
-336
1521 (base 9) to base 4
102001
1366 (base 10) to base 15
611
-21210 (base 3) to base 13
-132
-221022 (base 4) to base 5
-41014
Convert 103324 (base 6) to base 9.
12647
-1001211 (base 4) to base 8
-10145
Convert 221441 (base 5) to base 10.
7746
Convert 604 (base 8) to base 5.
3023
What is -3de (base 16) in base 6?
-4330
29727 (base 10) to base 7
152445
What is -1344 (base 8) in base 4?
-23210
-100110101001010 (base 2) to base 12
-b54a
What is -432 (base 8) in base 3?
-101110
9730 (base 11) to base 4
3020323
4143 (base 10) to base 8
10057
Convert 11443 (base 5) to base 13.
522
Convert 1156 (base 7) to base 8.
661
-48c (base 14) to base 2
-1110001100
What is 17371 (base 12) in base 5?
2031344
What is 1199 (base 10) in base 3?
1122102
Convert -102213223 (base 4) to base 6.
-1345031
Convert -23341 (base 5) to base 13.
-a25
What is -a580 (base 11) in base 16?
-36b3
Convert -120211 (base 3) to base 16.
-1ab
-1868 (base 9) to base 15
-65e
What is -164 (base 14) in base 11?
-239
What is -4d2 (base 16) in base 15?
-574
Convert cb0 (base 13) to base 6.
14015
Convert -1031204 (base 5) to base 6.
-213503
Convert 2a17a (base 11) to base 10.
42800
What is 4388 (base 10) in base 2?
1000100100100
What is -22534 (base 9) in base 8?
-35250
What is 69 (base 16) in base 3?
10220
What is 11100100111 (base 2) in base 9?
2454
Convert 473 (base 13) to base 9.
1045
125623 (base 7) to base 3
1012102101
What is 133033 (base 7) in base 10?
25063
Convert 3571 (base 9) to base 10.
2656
Convert 21012 (base 3) to base 4.
3002
Convert 2122112 (base 3) to base 8.
3613
Convert -101000100 (base 2) to base 16.
-144
-b92 (base 15) to base 11
-1a65
What is -100011000001110 (base 2) in base 5?
-1033214
-15405 (base 9) to base 11
-7a08
-170 (base 14) to base 5
-2134
Convert 122c (base 13) to base 12.
15a5
What is 16230 (base 9) in base 16?
2b74
b53 (base 13) to base 15
887
3231424 (base 5) to base 14
161b9
Convert -1434 (base 8) to base 10.
-796
Convert 44b7 (base 12) to base 5.
221002
962 (base 11) to base 14
5c9
Convert 1120001122 (base 3) to base 14.
b262
Convert 2567 (base 11) to base 7.
12511
Convert -262a (base 14) to base 9.
-10166
Convert 2136 (base 16) to base 8.
20466
Convert -11c90 (base 16) to base 11.
-4a806
Convert -2230 (base 5) to base 13.
-1b3
What is 661b (base 14) in base 10?
17665
-6928 (base 10) to base 15
-20bd
-52523 (base 7) to base 14
-4a13
20ac (base 14) to base 12
3320
33224 (base 5) to base 6
14414
What is 36e (base 15) in base 7?
2162
What is -1101101111 (base 2) in base 9?
-1176
What is 5240 (base 7) in base 4?
130301
Convert -2351 (base 10) to base 8.
-4457
354145 (base 6) to base 5
1440422
Convert -131333 (base 4) to base 11.
-1495
Convert -34a (base 12) to base 9.
-604
What is 145332 (base 6) in base 12?
8248
47b8 (base 13) to base 14
3990
What is -528 (base 12) in base 6?
-3252
Convert -1907 (base 16) to base 7.
-24452
Convert -157 (base 13) to base 10.
-241
Convert -1981 (base 12) to base 3.
-11021121
What is -517 (base 11) in base 12?
-43b
960 (base 12) to base 9
1780
Convert 22a3 (base 13) to base 6.
34305
-c90 (base 16) to base 2
-110010010000
Convert -143202 (base 5) to base 3.
-22022011
Convert 838 (base 11) to base 3.
1101101
What is 5321 (base 7) in base 8?
3525
-30313221 (base 4) to base 7
-306453
What is -120322 (base 4) in base 15?
-714
-1320 (base 16) to base 11
-3751
-6621 (base 13) to base 12
-8293
Convert 223 (base 13) to base 6.
1411
Convert -51124 (base 6) to base 9.
-10227
Convert 1021110111 (base 3) to base 4.
12020203
What is 110055 (base 6) in base 2?
10001110010011
-111101201 (base 3) to base 14
-37b8
Convert 1000010101 (base 2) to base 6.
2245
Convert 1156 (base 11) to base 8.
2751
Convert -480a (base 11) to base 2.
-1100010011110
What is 3525 (base 12) in base 2?
1011100101101
What is 23024 (base 5) in base 14?
851
111425 (base 7) to base 13
8cc6
Convert 80138 (base 10) to base 4.
103210022
1202021102 (base 3) to base 16
869f
f1b (base 16) to base 11
29a6
What is 3006 (base 15) in base 11?
7680
34014 (base 5) to base 13
1115
Convert -35e (base 16) to base 5.
-11422
Convert 10181 (base 10) to base 2.
10011111000101
Convert 4432 (base 7) to base 10.
1591
-494 (base 10) to base 4
-13232
What is -3042 (base 5) in base 15?
-1b7
What is 1504 (base 7) in base 4?
21100
What is 31044 (base 5) in base 13?
bc9
Convert -3016 (base 8) to base 14.
-7ca
-3014 (base 5) to base 3
-112020
What is -4200 (base 5) in base 15?
-26a
Convert 1625 (base 7) to base 11.
547
Convert 7dc8 (base 14) to base 13.
9ca1
4112 (base 6) to base 3
1020122
Convert 147 (base 8) to base 2.
1100111
Convert 7714 (base 10) to base 4.
1320202
What is -562 (base 8) in base 12?
-26a
Convert -11 (base 15) to base 6.
-24
50 (base 9) to base 4
231
-64a2 (base 13) to base 11
-a569
738 (base 10) to base 12
516
264 (base 14) to base 3
122210
Convert 1c39 (base 15) to base 7.
23604
Convert -2214 (base 6) to base 13.
-307
Convert -70681 (base 10) to base 5.
-4230211
What is 22100102 (base 3) in base 6?
44102
14357 (base 10) to base 4
3200111
Convert -1001000110 (base 2) to base 10.
-582
Convert 4602 (base 9) to base 8.
6514
What is -214 (base 9) in base 6?
-451
1322032 (base 4) to base 2
1111010001110
-12313 (base 7) to base 13
-1627
Convert -a49 (base 11) to base 6.
-5503
Convert 1e5 (base 16) to base 11.
401
What is -26 (base 15) in base 9?
-40
1272 (base 10) to base 13
76b
-3136 (base 9) to base 2
